{"id":70,"date":"2012-04-22T10:12:59","date_gmt":"2012-04-22T09:12:59","guid":{"rendered":"http:\/\/www.islandfreundehamburg.de\/blog\/?page_id=70"},"modified":"2025-03-03T20:19:39","modified_gmt":"2025-03-03T19:19:39","slug":"zeitschrift","status":"publish","type":"page","link":"https:\/\/www.islandfreundehamburg.de\/?page_id=70","title":{"rendered":"Zeitschrift"},"content":{"rendered":"\n<p><strong>&#8222;Island&#8220;<\/strong> ist die offizielle Zeitschrift der Deutsch-Isl\u00e4ndischen Gesellschaft e.V. K\u00f6ln und der Gesellschaft der Freunde Islands e.V. Hamburg. <!--Sie erscheinen mittlerweile im 53. Jahr. -->Mitglieder erhalten die Zeitschrift kostenlos.<\/p>\n\n\n\n<figure class=\"wp-block-image size-large is-resized\"><img loading=\"lazy\" decoding=\"async\" width=\"720\" height=\"720\" src=\"http:\/\/www.islandfreundehamburg.de\/wp-content\/uploads\/2025\/02\/Island202402-720x720.jpg\" alt=\"\" class=\"wp-image-450\" style=\"width:360px\" srcset=\"https:\/\/www.islandfreundehamburg.de\/wp-content\/uploads\/2025\/02\/Island202402-720x720.jpg 720w, https:\/\/www.islandfreundehamburg.de\/wp-content\/uploads\/2025\/02\/Island202402-360x360.jpg 360w, https:\/\/www.islandfreundehamburg.de\/wp-content\/uploads\/2025\/02\/Island202402-120x120.jpg 120w, https:\/\/www.islandfreundehamburg.de\/wp-content\/uploads\/2025\/02\/Island202402-768x768.jpg 768w, https:\/\/www.islandfreundehamburg.de\/wp-content\/uploads\/2025\/02\/Island202402-300x300.jpg 300w, https:\/\/www.islandfreundehamburg.de\/wp-content\/uploads\/2025\/02\/Island202402.jpg 1080w\" sizes=\"auto, (max-width: 720px) 100vw, 720px\" \/><\/figure>\n\n\n\n<p>Die aktuelle Ausgabe <strong>November 2024<\/strong> hat folgenden Inhalt (Auswahl):<\/p>\n\n\n\n<ul class=\"wp-block-list\">\n<li>Die Schulte Collection. Historische Islandkarten im Akureyri Museum (Karl-Werner Schulte)<\/li>\n\n\n\n<li>Analoges Island \u2013 Portrait eines Islandfreundes. Im Gespr\u00e4ch mit Klaus Behr (Edda Gr\u00f6nhoff)<\/li>\n\n\n\n<li>\u201eDie Z\u00fcge waren p\u00fcnktlich\u201c. Sj\u00f3ns Lesereise in Deutschland. Eine Erlebnisskizze (Wolfgang Schiffer)<\/li>\n\n\n\n<li>Der Nordische Klang \u2013 Kulturelle Vielfalt aus Nordeuropa. (Detlef Wei\u00df)<\/li>\n\n\n\n<li>\u201eEin Gl\u00fccksgef\u00fchl, wie ich es noch nie zuvor empfunden habe\u201c. Ein Interview mit dem Autor Joachim B. Schmidt (Lilja Schopka-Brasch)<\/li>\n\n\n\n<li>Nachrichten aus Island<\/li>\n\n\n\n<li>Deutsch-Isl\u00e4ndische Nachrichten<\/li>\n\n\n\n<li>Rezensionen<\/li>\n\n\n\n<li>Nachrichten aus K\u00f6ln und Hamburg<\/li>\n<\/ul>\n\n\n\n<figure class=\"wp-block-image size-large is-resized\"><img loading=\"lazy\" decoding=\"async\" width=\"720\" height=\"720\" src=\"http:\/\/www.islandfreundehamburg.de\/wp-content\/uploads\/2025\/02\/Island202401-720x720.jpg\" alt=\"\" class=\"wp-image-451\" style=\"width:360px\" srcset=\"https:\/\/www.islandfreundehamburg.de\/wp-content\/uploads\/2025\/02\/Island202401-720x720.jpg 720w, https:\/\/www.islandfreundehamburg.de\/wp-content\/uploads\/2025\/02\/Island202401-360x360.jpg 360w, https:\/\/www.islandfreundehamburg.de\/wp-content\/uploads\/2025\/02\/Island202401-120x120.jpg 120w, https:\/\/www.islandfreundehamburg.de\/wp-content\/uploads\/2025\/02\/Island202401-768x768.jpg 768w, https:\/\/www.islandfreundehamburg.de\/wp-content\/uploads\/2025\/02\/Island202401-300x300.jpg 300w, https:\/\/www.islandfreundehamburg.de\/wp-content\/uploads\/2025\/02\/Island202401.jpg 1080w\" sizes=\"auto, (max-width: 720px) 100vw, 720px\" \/><\/figure>\n\n\n\n<p>Die Ausgabe <strong>Juni 2024<\/strong> hat folgenden Inhalt (Auswahl):<\/p>\n\n\n\n<ul class=\"wp-block-list\">\n<li>Eine literarische Reise ins Herz Islands (Halld\u00f3r Gu\u00f0mundsson)<\/li>\n\n\n\n<li>Von deutschen Spuren und der Lage der Sprache in Island (Oddny G. Sverrisd\u00f3ttir)<\/li>\n\n\n\n<li>Wolfgang Schiffer im Gespr\u00e4ch mit dem isl\u00e4ndischen Schriftsteller Ragnar Helgi \u00d3lafsson \u00fcber dessen neuen Gedichtband und die zeitgen\u00f6ssische Lyrikszene Islands<\/li>\n\n\n\n<li>Die Erfahrung des Schattens von dem, was ist. \u00dcber die Lesereise mit Ragnar Helgi \u00d3lafsson im November 2023. Ein Erlebnisbericht (Wolfgang Schiffer)<\/li>\n\n\n\n<li>Abendteuer Islandhundezucht (Antje Sagner)<\/li>\n\n\n\n<li>Hei\u00dfe Kaskaden auf Island \u2013 Eine Liebeserkl\u00e4rung. Erlebnis und Erz\u00e4hlung (Klaus Behr)<\/li>\n\n\n\n<li>Gedichte von Sj\u00f3n<\/li>\n\n\n\n<li>Nachrichten aus Island<\/li>\n\n\n\n<li>Deutsch-Isl\u00e4ndische Nachrichten<\/li>\n\n\n\n<li>Rezensionen<\/li>\n\n\n\n<li>Nachrichten aus K\u00f6ln und Hamburg<\/li>\n<\/ul>\n\n\n\n<figure class=\"wp-block-image is-resized\"><img loading=\"lazy\" decoding=\"async\" width=\"720\" height=\"720\" src=\"http:\/\/www.islandfreundehamburg.de\/wp-content\/uploads\/2023\/12\/island2302-720x720.jpg\" alt=\"\" class=\"wp-image-440\" style=\"object-fit:cover;width:360px;height:360px\" srcset=\"https:\/\/www.islandfreundehamburg.de\/wp-content\/uploads\/2023\/12\/island2302-720x720.jpg 720w, https:\/\/www.islandfreundehamburg.de\/wp-content\/uploads\/2023\/12\/island2302-360x360.jpg 360w, https:\/\/www.islandfreundehamburg.de\/wp-content\/uploads\/2023\/12\/island2302-120x120.jpg 120w, https:\/\/www.islandfreundehamburg.de\/wp-content\/uploads\/2023\/12\/island2302-768x768.jpg 768w, https:\/\/www.islandfreundehamburg.de\/wp-content\/uploads\/2023\/12\/island2302-300x300.jpg 300w, https:\/\/www.islandfreundehamburg.de\/wp-content\/uploads\/2023\/12\/island2302.jpg 1080w\" sizes=\"auto, (max-width: 720px) 100vw, 720px\" \/><\/figure>\n\n\n\n<p><\/p>\n\n\n\n<p>Die Ausgabe <strong>November 2023<\/strong> hat folgenden Inhalt (Auswahl):<\/p>\n\n\n\n<ul class=\"wp-block-list\">\n<li>In den Westen, in den Westen (Sabine Barth)<\/li>\n\n\n\n<li>Surturs Jubil\u00e4en. Surtsey 1963 und Eldfell 1973 (Peter Everts)<\/li>\n\n\n\n<li>Die Vulkane in meiner N\u00e4he (Krist\u00edn J\u00f3hannsd\u00f3ttir)<\/li>\n\n\n\n<li>Was teilen die Island Berichte \u00fcber den Ausbruch von Heimaey mit? (Sverrir Schopka)<\/li>\n\n\n\n<li>Landpost und Landpostboten in der ersten H\u00e4lfte des 20. Jahrhunderts (Roswitha M\u00fcllerwiebus)<\/li>\n\n\n\n<li>Gedichte (Ragnar Helgi \u00d3lafsson)<\/li>\n\n\n\n<li>Nachrichten aus Island<\/li>\n\n\n\n<li>Deutsch-Isl\u00e4ndische Nachrichten<\/li>\n\n\n\n<li>Rezensionen<\/li>\n\n\n\n<li>Termine<\/li>\n\n\n\n<li>Nachrichten aus K\u00f6ln und Hamburg<\/li>\n<\/ul>\n\n\n\n<figure class=\"wp-block-image is-resized\"><img loading=\"lazy\" decoding=\"async\" width=\"360\" height=\"360\" src=\"http:\/\/www.islandfreundehamburg.de\/wp-content\/uploads\/2023\/09\/2023_1_Juni-360x360.jpg\" alt=\"\" class=\"wp-image-433\" style=\"object-fit:cover;width:360px;height:360px\" srcset=\"https:\/\/www.islandfreundehamburg.de\/wp-content\/uploads\/2023\/09\/2023_1_Juni-360x360.jpg 360w, https:\/\/www.islandfreundehamburg.de\/wp-content\/uploads\/2023\/09\/2023_1_Juni-120x120.jpg 120w, https:\/\/www.islandfreundehamburg.de\/wp-content\/uploads\/2023\/09\/2023_1_Juni-300x300.jpg 300w, https:\/\/www.islandfreundehamburg.de\/wp-content\/uploads\/2023\/09\/2023_1_Juni.jpg 480w\" sizes=\"auto, (max-width: 360px) 100vw, 360px\" \/><\/figure>\n\n\n\n<p><\/p>\n\n\n\n<p>Die Ausgabe <strong>Juni 2023<\/strong> hat folgenden Inhalt (Auswahl):<\/p>\n\n\n\n<ul class=\"wp-block-list\">\n<li>Emil Artins Islandreise im Sommer 1925. Spuren und Kontext (J\u00f6rg Bewersdorff)<\/li>\n\n\n\n<li>Nat\u00fcrliche Gefahren in Island und Ma\u00dfnahmen dagegen (Ari Trausti Gu\u00f0mundsson)<\/li>\n\n\n\n<li>Askja und Ostisland \u2013 Teil 2 einer Reise im Herbst 2022 (Renata Schuhmacher)<\/li>\n\n\n\n<li>Gedichte (Ragnar Helgi \u00d3lafsson)<\/li>\n\n\n\n<li>Hv\u00edtserkur. Islands Nashornfelsen in Szene setzen (Renate Ettl)<\/li>\n\n\n\n<li>Nachrichten aus Island<\/li>\n\n\n\n<li>Deutsch-Isl\u00e4ndische Nachrichten<\/li>\n\n\n\n<li>Rezensionen<\/li>\n\n\n\n<li>Termine<\/li>\n\n\n\n<li>Nachrichten aus K\u00f6ln und Hamburg<\/li>\n<\/ul>\n\n\n\n<p><\/p>\n","protected":false},"excerpt":{"rendered":"<p>&#8222;Island&#8220; ist die offizielle Zeitschrift der Deutsch-Isl\u00e4ndischen Gesellschaft e.V. K\u00f6ln und der Gesellschaft der Freunde Islands e.V. Hamburg. Mitglieder erhalten die Zeitschrift kostenlos. Die aktuelle Ausgabe November 2024 hat folgenden Inhalt (Auswahl): Die Ausgabe Juni 2024 hat folgenden Inhalt (Auswahl): &hellip; <a href=\"https:\/\/www.islandfreundehamburg.de\/?page_id=70\">Weiterlesen <span class=\"meta-nav\">&rarr;<\/span><\/a><\/p>\n","protected":false},"author":1,"featured_media":0,"parent":0,"menu_order":50,"comment_status":"closed","ping_status":"closed","template":"sidebar-page.php","meta":{"footnotes":""},"class_list":["post-70","page","type-page","status-publish","hentry"],"_links":{"self":[{"href":"https:\/\/www.islandfreundehamburg.de\/index.php?rest_route=\/wp\/v2\/pages\/70","targetHints":{"allow":["GET"]}}],"collection":[{"href":"https:\/\/www.islandfreundehamburg.de\/index.php?rest_route=\/wp\/v2\/pages"}],"about":[{"href":"https:\/\/www.islandfreundehamburg.de\/index.php?rest_route=\/wp\/v2\/types\/page"}],"author":[{"embeddable":true,"href":"https:\/\/www.islandfreundehamburg.de\/index.php?rest_route=\/wp\/v2\/users\/1"}],"replies":[{"embeddable":true,"href":"https:\/\/www.islandfreundehamburg.de\/index.php?rest_route=%2Fwp%2Fv2%2Fcomments&post=70"}],"version-history":[{"count":18,"href":"https:\/\/www.islandfreundehamburg.de\/index.php?rest_route=\/wp\/v2\/pages\/70\/revisions"}],"predecessor-version":[{"id":478,"href":"https:\/\/www.islandfreundehamburg.de\/index.php?rest_route=\/wp\/v2\/pages\/70\/revisions\/478"}],"wp:attachment":[{"href":"https:\/\/www.islandfreundehamburg.de\/index.php?rest_route=%2Fwp%2Fv2%2Fmedia&parent=70"}],"curies":[{"name":"wp","href":"https:\/\/api.w.org\/{rel}","templated":true}]}}